{"id":2051,"date":"2024-09-24T20:09:15","date_gmt":"2024-09-24T23:09:15","guid":{"rendered":"https:\/\/acasadegalicia.uy\/sitio\/?page_id=2051"},"modified":"2026-04-26T13:25:49","modified_gmt":"2026-04-26T16:25:49","slug":"comision-directiva-gl","status":"publish","type":"page","link":"https:\/\/acasadegalicia.uy\/sitio\/gl\/asociacion\/comision-directiva-gl\/","title":{"rendered":"Comisi\u00f3n directiva"},"content":{"rendered":"\n<div style=\"background:#1a2a6c; padding:60px 40px; text-align:center; border-bottom:3px solid #c0111a;\">\n  <p style=\"font-family:'Cinzel',serif; font-size:11px; letter-spacing:3px; color:rgba(255,255,255,0.5); margin-bottom:12px;\">A CASA DE GALICIA<\/p>\n  <h1 style=\"font-family:'Cinzel',serif; font-size:40px; color:white; font-weight:700; margin-bottom:16px; line-height:1.2;\">Centro Hist\u00f3rico-Cultural<\/h1>\n  <p style=\"color:rgba(255,255,255,0.65); font-size:16px; font-family:'EB Garamond',serif; margin-bottom:0; max-width:600px; margin-left:auto; margin-right:auto;\"> Herdeiros do legado de Casa de Galicia, unidos polo amor a Galicia e \u00e1 s\u00faa cultura.<\/p>\n<\/div>\n\n<div style=\"background:#f4f4f2; padding:52px 40px;\">\n  <div class=\"sec-label-custom\" style=\"margin-bottom:8px; margin-top:0;\">\n    <span>INSTITUCIONAL<\/span><span class=\"linea\"><\/span>\n  <\/div>\n  <h2 style=\"font-family:'Cinzel',serif; color:#1a2a6c; font-size:28px; font-weight:600; margin-bottom:28px;\">Comisi\u00f3n Directiva<\/h2>\n\n  <div style=\"display:grid; grid-template-columns:1fr 1fr; gap:24px; max-width:900px;\">\n\n    <div style=\"background:white; border-left:3px solid #1a2a6c; border-radius:0 6px 6px 0; padding:28px 32px;\">\n      <p style=\"font-family:'Cinzel',serif; font-size:11px; letter-spacing:2px; color:#c0111a; margin-bottom:16px;\">TITULARES<\/p>\n      <ul style=\"font-family:'EB Garamond',serif; font-size:16px; color:#333; line-height:2.2; list-style:none; padding:0; margin:0;\">\n        <li><strong>Presidenta:<\/strong> Mar\u00eda del Carmen Fern\u00e1ndez Salgueiro<\/li>\n        <li><strong>Vicepresidente:<\/strong> Jos\u00e9 Antonio Antelo Parafita<\/li>\n        <li><strong>Secretaria:<\/strong> Mar\u00eda del Luj\u00e1n V\u00e1zquez Casti\u00f1eiras<\/li>\n        <li><strong>Prosecretaria:<\/strong> Mar\u00eda Vicente Gonz\u00e1lez Ruiz<\/li>\n        <li><strong>Tesoureiro:<\/strong> Gonzalo Fontenla Mihura<\/li>\n        <li><strong>Protesoureira:<\/strong> Mar\u00eda Elena Gende Mosquera<\/li>\n        <li><strong>Secretario de Actas:<\/strong> Jos\u00e9 V. V\u00e1zquez Fern\u00e1ndez<\/li>\n        <li><strong>Sec. Desenvolvemento e Prensa:<\/strong> Manuel Xos\u00e9 L\u00f3pez Faraldo<\/li>\n        <li><strong>Bibliotecario:<\/strong> Ismael Armando Mart\u00ednez Maldonado<\/li>\n      <\/ul>\n    <\/div>\n\n    <div style=\"display:flex; flex-direction:column; gap:24px;\">\n      <div style=\"background:white; border-left:3px solid #c0111a; border-radius:0 6px 6px 0; padding:28px 32px;\">\n        <p style=\"font-family:'Cinzel',serif; font-size:11px; letter-spacing:2px; color:#c0111a; margin-bottom:16px;\">SUPLENTES<\/p>\n        <p style=\"font-family:'EB Garamond',serif; font-size:16px; color:#333; line-height:1.9;\">\n          Rom\u00e1n Nogueira Gonz\u00e1lez, Manuel Calvo Villaverde, Mar\u00eda Teresa Parga Santiago, Jos\u00e9 Pi\u00f1eiro Garc\u00eda, Vicente Carlos Gonz\u00e1lez Siri, Santiago Inguanzo Cal, Mar\u00eda Elena Pastoriza Rosales, Iris Mabel Collazo Dieguez e Mar\u00eda Aurora Fern\u00e1ndez Salgueiro.\n        <\/p>\n      <\/div>\n\n      <div style=\"background:white; border-left:3px solid #2d5986; border-radius:0 6px 6px 0; padding:28px 32px;\">\n        <p style=\"font-family:'Cinzel',serif; font-size:11px; letter-spacing:2px; color:#c0111a; margin-bottom:16px;\">COMISI\u00d3N FISCAL<\/p>\n        <p style=\"font-family:'EB Garamond',serif; font-size:16px; color:#333; line-height:1.9;\">\n          <strong>Titulares:<\/strong> Constantino Mato Rivas, Eduardo Alonso Gonz\u00e1lez e Pablo Mario Caimi Larramendy.<br><br>\n          <strong>Suplentes:<\/strong> Basilio Pose Garc\u00eda, Mar\u00eda Fernanda L\u00f3pez V\u00e1zquez e Sara Gonz\u00e1lez P\u00e9rez.\n        <\/p>\n      <\/div>\n    <\/div>\n\n  <\/div>\n<\/div>\n","protected":false},"excerpt":{"rendered":"<p>A CASA DE GALICIA Centro Hist\u00f3rico-Cultural Herdeiros do legado de Casa de Galicia, unidos polo amor a Galicia e \u00e1 s\u00faa cultura. INSTITUCIONAL Comisi\u00f3n Directiva TITULARES Presidenta: Mar\u00eda del Carmen&#8230;<\/p>\n","protected":false},"author":1,"featured_media":0,"parent":179,"menu_order":0,"comment_status":"closed","ping_status":"closed","template":"","meta":{"_themeisle_gutenberg_block_has_review":false,"_kad_post_transparent":"","_kad_post_title":"","_kad_post_layout":"","_kad_post_sidebar_id":"","_kad_post_content_style":"","_kad_post_vertical_padding":"","_kad_post_feature":"","_kad_post_feature_position":"","_kad_post_header":false,"_kad_post_footer":false,"_kad_post_classname":"","footnotes":""},"class_list":["post-2051","page","type-page","status-publish","hentry"],"_links":{"self":[{"href":"https:\/\/acasadegalicia.uy\/sitio\/wp-json\/wp\/v2\/pages\/2051","targetHints":{"allow":["GET"]}}],"collection":[{"href":"https:\/\/acasadegalicia.uy\/sitio\/wp-json\/wp\/v2\/pages"}],"about":[{"href":"https:\/\/acasadegalicia.uy\/sitio\/wp-json\/wp\/v2\/types\/page"}],"author":[{"embeddable":true,"href":"https:\/\/acasadegalicia.uy\/sitio\/wp-json\/wp\/v2\/users\/1"}],"replies":[{"embeddable":true,"href":"https:\/\/acasadegalicia.uy\/sitio\/wp-json\/wp\/v2\/comments?post=2051"}],"version-history":[{"count":4,"href":"https:\/\/acasadegalicia.uy\/sitio\/wp-json\/wp\/v2\/pages\/2051\/revisions"}],"predecessor-version":[{"id":2184,"href":"https:\/\/acasadegalicia.uy\/sitio\/wp-json\/wp\/v2\/pages\/2051\/revisions\/2184"}],"up":[{"embeddable":true,"href":"https:\/\/acasadegalicia.uy\/sitio\/wp-json\/wp\/v2\/pages\/179"}],"wp:attachment":[{"href":"https:\/\/acasadegalicia.uy\/sitio\/wp-json\/wp\/v2\/media?parent=2051"}],"curies":[{"name":"wp","href":"https:\/\/api.w.org\/{rel}","templated":true}]}}

Comisión directiva

<div style="background:#1a2a6c; padding:60px 40px; text-align:center; border-bottom:3px solid #c0111a;">
  <p style="font-family:'Cinzel',serif; font-size:11px; letter-spacing:3px; color:rgba(255,255,255,0.5); margin-bottom:12px;">A CASA DE GALICIA</p>
  <h1 style="font-family:'Cinzel',serif; font-size:40px; color:white; font-weight:700; margin-bottom:16px; line-height:1.2;">Centro Histórico-Cultural</h1>
  <p style="color:rgba(255,255,255,0.65); font-size:16px; font-family:'EB Garamond',serif; margin-bottom:0; max-width:600px; margin-left:auto; margin-right:auto;"> Herdeiros do legado de Casa de Galicia, unidos polo amor a Galicia e á súa cultura.</p>
</div>

<div style="background:#f4f4f2; padding:52px 40px;">
  <div class="sec-label-custom" style="margin-bottom:8px; margin-top:0;">
    <span>INSTITUCIONAL</span><span class="linea"></span>
  </div>
  <h2 style="font-family:'Cinzel',serif; color:#1a2a6c; font-size:28px; font-weight:600; margin-bottom:28px;">Comisión Directiva</h2>

  <div style="display:grid; grid-template-columns:1fr 1fr; gap:24px; max-width:900px;">

    <div style="background:white; border-left:3px solid #1a2a6c; border-radius:0 6px 6px 0; padding:28px 32px;">
      <p style="font-family:'Cinzel',serif; font-size:11px; letter-spacing:2px; color:#c0111a; margin-bottom:16px;">TITULARES</p>
      <ul style="font-family:'EB Garamond',serif; font-size:16px; color:#333; line-height:2.2; list-style:none; padding:0; margin:0;">
        <li><strong>Presidenta:</strong> María del Carmen Fernández Salgueiro</li>
        <li><strong>Vicepresidente:</strong> José Antonio Antelo Parafita</li>
        <li><strong>Secretaria:</strong> María del Luján Vázquez Castiñeiras</li>
        <li><strong>Prosecretaria:</strong> María Vicente González Ruiz</li>
        <li><strong>Tesoureiro:</strong> Gonzalo Fontenla Mihura</li>
        <li><strong>Protesoureira:</strong> María Elena Gende Mosquera</li>
        <li><strong>Secretario de Actas:</strong> José V. Vázquez Fernández</li>
        <li><strong>Sec. Desenvolvemento e Prensa:</strong> Manuel Xosé López Faraldo</li>
        <li><strong>Bibliotecario:</strong> Ismael Armando Martínez Maldonado</li>
      </ul>
    </div>

    <div style="display:flex; flex-direction:column; gap:24px;">
      <div style="background:white; border-left:3px solid #c0111a; border-radius:0 6px 6px 0; padding:28px 32px;">
        <p style="font-family:'Cinzel',serif; font-size:11px; letter-spacing:2px; color:#c0111a; margin-bottom:16px;">SUPLENTES</p>
        <p style="font-family:'EB Garamond',serif; font-size:16px; color:#333; line-height:1.9;">
          Román Nogueira González, Manuel Calvo Villaverde, María Teresa Parga Santiago, José Piñeiro García, Vicente Carlos González Siri, Santiago Inguanzo Cal, María Elena Pastoriza Rosales, Iris Mabel Collazo Dieguez e María Aurora Fernández Salgueiro.
        </p>
      </div>

      <div style="background:white; border-left:3px solid #2d5986; border-radius:0 6px 6px 0; padding:28px 32px;">
        <p style="font-family:'Cinzel',serif; font-size:11px; letter-spacing:2px; color:#c0111a; margin-bottom:16px;">COMISIÓN FISCAL</p>
        <p style="font-family:'EB Garamond',serif; font-size:16px; color:#333; line-height:1.9;">
          <strong>Titulares:</strong> Constantino Mato Rivas, Eduardo Alonso González e Pablo Mario Caimi Larramendy.<br><br>
          <strong>Suplentes:</strong> Basilio Pose García, María Fernanda López Vázquez e Sara González Pérez.
        </p>
      </div>
    </div>

  </div>
</div>

<p>A CASA DE GALICIA Centro Histórico-Cultural Herdeiros do legado de Casa de Galicia, unidos polo amor a Galicia e á súa cultura. INSTITUCIONAL Comisión Directiva TITULARES Presidenta: María del Carmen&#8230;</p>
